3, 193393
What are the prime factors of 1695532?
2, 423883
List the prime factors of 3968708.
2, 29, 34213
What are the prime factors of 1001185?
5, 200237
List the prime factors of 574711.
574711
What are the prime factors of 946175?
5, 37847
List the prime factors of 2917124.
2, 7, 104183
List the prime factors of 357287.
7, 43, 1187
What are the prime factors of 1064354?
2, 31, 17167
List the prime factors of 1478736.
2, 3, 7, 163
List the prime factors of 11320.
2, 5, 283
List the prime factors of 2347217.
2347217
List the prime factors of 19457963.
7, 61, 45569
What are the prime factors of 210339?
3, 23371
What are the prime factors of 4035376?
2, 179, 1409
What are the prime factors of 17882876?
2, 11, 19, 21391
What are the prime factors of 13632?
2, 3, 71
What are the prime factors of 9864344?
2, 7, 19, 73, 127
What are the prime factors of 1325472?
2, 3, 13807
List the prime factors of 30543348.
2, 3, 11, 71, 3259
What are the prime factors of 8236418?
2, 239, 17231
List the prime factors of 49982.
2, 67, 373
List the prime factors of 145727.
43, 3389
List the prime factors of 10455078.
2, 3, 1742513
List the prime factors of 8798009.
11, 101, 7919
What are the prime factors of 1486428?
2, 3, 97, 1277
List the prime factors of 12456317.
23, 541579
List the prime factors of 6163246.
2, 113, 27271
What are the prime factors of 198182?
2, 197, 503
List the prime factors of 7044024.
2, 3, 13, 107, 211
List the prime factors of 625324.
2, 7, 23, 971
What are the prime factors of 3254186?
2, 13, 47, 2663
List the prime factors of 284818.
2, 17, 8377
What are the prime factors of 67337?
17, 233
List the prime factors of 331452.
2, 3, 11, 31
What are the prime factors of 340018?
2, 7, 149, 163
What are the prime factors of 2747620?
2, 5, 37, 47, 79
List the prime factors of 34411524.
2, 3, 7, 43, 1361
What are the prime factors of 1504921?
11, 136811
List the prime factors of 53592.
2, 3, 7, 11, 29
List the prime factors of 665702.
2, 332851
What are the prime factors of 358688?
2, 11, 1019
List the prime factors of 2967849.
3, 329761
What are the prime factors of 11037610?
2, 5, 41, 26921
List the prime factors of 382914.
2, 3, 7, 1013
What are the prime factors of 91620?
2, 3, 5, 509
List the prime factors of 14496753.
3, 19, 254329
What are the prime factors of 3278174?
2, 1639087
What are the prime factors of 16147938?
2, 3, 67, 40169
List the prime factors of 5911751.
5911751
List the prime factors of 21399961.
11, 89, 21859
List the prime factors of 533972.
2, 133493
List the prime factors of 4316751.
3, 479639
What are the prime factors of 924127?
197, 4691
List the prime factors of 1435505.
5, 53, 5417
List the prime factors of 118395.
3, 5, 877
List the prime factors of 532545.
3, 5, 13, 2731
What are the prime factors of 780381?
3, 7, 4129
List the prime factors of 25095.
3, 5, 7, 239
What are the prime factors of 4782438?
2, 3, 47, 5653
List the prime factors of 412660.
2, 5, 47, 439
What are the prime factors of 4386161?
13, 337397
List the prime factors of 430158.
2, 3, 71693
List the prime factors of 52042.
2, 26021
What are the prime factors of 1179075?
3, 5, 79, 199
List the prime factors of 691540.
2, 5, 71, 487
List the prime factors of 8460985.
5, 13, 17, 19, 31
What are the prime factors of 2288399?
2288399
What are the prime factors of 339025?
5, 71, 191
What are the prime factors of 3013523?
109, 27647
List the prime factors of 5559653.
11, 673, 751
List the prime factors of 9468886.
2, 7, 676349
List the prime factors of 80518.
2, 127, 317
What are the prime factors of 8289588?
2, 3, 73, 9463
List the prime factors of 873654.
2, 3, 29, 5021
What are the prime factors of 6242004?
2, 3, 41, 4229
What are the prime factors of 29834758?
2, 89, 167611
What are the prime factors of 11316050?
2, 5, 17, 13313
What are the prime factors of 4785171?
3, 1595057
What are the prime factors of 8247?
3, 2749
What are the prime factors of 1497079?
313, 4783
What are the prime factors of 11471478?
2, 3, 19, 47, 2141
What are the prime factors of 415547?
11, 37, 1021
List the prime factors of 4730721.
3, 1576907
List the prime factors of 11108403.
3, 47, 26261
List the prime factors of 185860.
2, 5, 9293
What are the prime factors of 2780632?
2, 347579
What are the prime factors of 342325?
5, 13693
List the prime factors of 1006649.
7, 143807
What are the prime factors of 21232?
2, 1327
List the prime factors of 763296.
2, 3, 7951
What are the prime factors of 10121078?
2, 11, 223, 2063
List the prime factors of 669679.
669679
List the prime factors of 7644277.
79, 96763
What are the prime factors of 695382?
2, 3, 23, 5039
List the prime factors of 7443802.
2, 3721901
List the prime factors of 8108858.
2, 19, 213391
What are the prime factors of 919113?
3, 13, 23567
What are the prime factors of 331605?
3, 5, 7369
List the prime factors of 4159.
4159
List the prime factors of 6918160.
2, 5, 86477
List the prime factors of 3472065.
3, 5, 8573
List the prime factors of 7720452.
2, 3, 214457
List the prime factors of 2339143.
47, 157, 317
List the prime factors of 835717.
835717
What are the prime factors of 3115400?
2, 5, 37, 421
List the prime factors of 10402021.
7, 1486003
What are the prime factors of 22217279?
7, 37, 85781
List the prime factors of 7705696.
2, 113, 2131
List the prime factors of 1210418.
2, 11, 37, 1487
List the prime factors of 13624561.
2411, 5651
What are the prime factors of 5762358?
2, 3, 7, 19, 29, 83
What are the prime factors of 455856?
2, 3, 9497
What are the prime factors of 6504576?
2, 3, 13, 1303
What are the prime factors of 5005502?
2, 829, 3019
List the prime factors of 8857762.
2, 19, 257, 907
What are the prime factors of 144971?
29, 4999
List the prime factors of 723425.
5, 19, 1523
What are the prime factors of 6120831?
3, 19, 73, 1471
List the prime factors of 39628.
2, 9907
List the prime factors of 1006000.
2, 5, 503
What are the prime factors of 3801901?
59, 64439
List the prime factors of 238232.
2, 97, 307
List the prime factors of 604610.
2, 5, 103, 587
List the prime factors of 29928.
2, 3, 29, 43
What are the prime factors of 566288?
2, 35393
What are the prime factors of 5090675?
5, 203627
What are the prime factors of 4639295?
5, 317, 2927
What are the prime factors of 3794267?
101, 37567
What are the prime factors of 2026770?
2, 3, 5, 67559
What are the prime factors of 444265?
5, 88853
List the prime factors of 2055555.
3, 5, 17, 2687
List the prime factors of 166047.
3, 7, 7907
What are the prime factors of 2076154?
2, 1038077
List the prime factors of 202951.
7, 79, 367
List the prime factors of 176523.
3, 29, 2029
List the prime factors of 72082.
2, 23, 1567
List the prime factors of 362106.
2, 3, 20117
List the prime factors of 17751240.
2, 3, 5, 13, 3793
List the prime factors of 5310200.
2, 5, 7, 3793
List the prime factors of 177561.
3, 109, 181
List the prime factors of 1115434.
2, 557717
List the prime factors of 20874540.
2, 3, 5, 19, 18311
What are the prime factors of 5957753?
5957753
List the prime factors of 344803.
37, 9319
What are the prime factors of 110064?
2, 3, 2293
What are the prime factors of 96584?
2, 12073
List the prime factors of 23592970.
2, 5, 61, 38677
What are the prime factors of 34057272?
2, 3, 19, 74687
List the prime factors of 129927.
3, 7, 23, 269
List the prime factors of 1990305.
3, 5, 23, 641
List the prime factors of 8869497.
3, 7, 13, 53, 613
List the prime factors of 3730405.
5, 7, 53, 2011
List the prime factors of 8460.
2, 3, 5, 47
List the prime factors of 1561942.
2, 780971
List the prime factors of 9167171.
13, 705167
What are the prime factors of 21641755?
5, 53, 81667
List the prime factors of 397294.
2, 198647
What are the prime factors of 243953?
243953
What are the prime factors of 2092339?
157, 13327
List the prime factors of 157214.
2, 78607
List the prime factors of 3283880.
2, 5, 53, 1549
What are the prime factors of 2421335?
5, 7, 9883
What are the prime factors of 2262601?
11, 103, 1997
What are the prime factors of 79503?
3, 26501
List the prime factors of 394708.
2, 101, 977
What are the prime factors of 3504207?
3, 7, 166867
What are the prime factors of 1872965?
5, 29, 12917
List the prime factors of 698729.
698729
W